common factor of 9921352 and 72.
8
Calculate the highest common factor of 568 and 23560072.
568
Calculate the greatest common factor of 35957 and 28741.
41
What is the highest common factor of 12 and 384675504?
12
What is the highest common factor of 13231 and 655288?
101
Calculate the greatest common divisor of 137822 and 19249810.
1006
Calculate the greatest common factor of 5081844 and 111670.
1718
What is the highest common factor of 22 and 999359702?
22
Calculate the greatest common divisor of 176351201 and 2681.
383
Calculate the highest common factor of 10950 and 4937136.
438
What is the greatest common divisor of 2808 and 52275873?
39
What is the highest common divisor of 161802 and 706482?
1602
What is the highest common divisor of 1243 and 7624901?
113
Calculate the greatest common divisor of 7775245 and 15.
5
What is the highest common factor of 149688 and 112140?
252
What is the highest common factor of 41219491 and 31?
31
What is the greatest common divisor of 7286 and 39333471?
3643
What is the highest common factor of 105 and 76332510?
15
What is the highest common factor of 121548 and 48132?
84
Calculate the highest common factor of 36 and 4172924.
4
What is the highest common divisor of 17139 and 3544227?
591
Calculate the highest common divisor of 73377 and 14465.
263
Calculate the greatest common factor of 50187250 and 4923.
547
What is the highest common factor of 153 and 4965241?
17
Calculate the highest common divisor of 851589 and 1899.
9
Calculate the highest common factor of 611631 and 843195.
2517
What is the greatest common factor of 48204 and 1566474?
78
What is the greatest common factor of 367693 and 2533?
17
Calculate the highest common factor of 509490 and 990.
90
Calculate the highest common factor of 13 and 8070842.
13
Calculate the greatest common factor of 1524168 and 456.
24
What is the highest common divisor of 2494771 and 299779?
5081
What is the highest common divisor of 76701 and 117?
3
What is the greatest common divisor of 4360 and 293701590?
1090
Calculate the greatest common factor of 39780 and 518895.
585
What is the highest common factor of 312982842 and 1398?
1398
Calculate the highest common factor of 1058343 and 409522.
2467
Calculate the greatest common divisor of 605 and 715594.
121
What is the greatest common factor of 833508 and 1476?
36
Calculate the highest common divisor of 7860 and 13388.
4
What is the greatest common factor of 1059968 and 582374?
338
Calculate the highest common factor of 1635 and 456735.
15
Calculate the greatest common divisor of 6008 and 97612727.
751
What is the greatest common factor of 5719209 and 3?
3
What is the highest common divisor of 3368 and 46408?
8
What is the highest common divisor of 158401848 and 16?
8
Calculate the greatest common factor of 29887000 and 65.
65
Calculate the highest common factor of 3426 and 3063986.
1142
Calculate the highest common factor of 60 and 68108.
4
What is the highest common factor of 15 and 290559090?
15
Calculate the greatest common divisor of 25726 and 8759.
19
Calculate the greatest common divisor of 393599 and 109272.
157
What is the highest common divisor of 3998 and 3327479428?
3998
Calculate the greatest common divisor of 3863871 and 186.
93
What is the highest common factor of 931 and 367?
1
What is the greatest common divisor of 9912 and 4840164?
84
What is the highest common factor of 2412 and 12181203?
603
What is the highest common factor of 63350 and 7168?
14
What is the highest common factor of 35144611 and 2?
1
What is the highest common divisor of 448 and 3326036?
28
What is the highest common divisor of 147 and 321756?
3
What is the highest common divisor of 241 and 13836?
1
What is the highest common divisor of 806 and 5037748?
62
What is the highest common divisor of 1411760 and 66080?
560
Calculate the greatest common factor of 654132 and 32490.
2166
What is the greatest common divisor of 12185 and 1870385315?
12185
What is the greatest common factor of 226493 and 237961?
2867
Calculate the greatest common divisor of 756602 and 1874488.
2618
What is the highest common divisor of 322920300 and 80?
20
What is the highest common divisor of 463162557 and 26?
13
Calculate the highest common divisor of 12 and 16075392.
12
What is the highest common divisor of 1241 and 258672?
17
Calculate the greatest common divisor of 4520340 and 48.
12
What is the highest common factor of 13650 and 14248325?
2275
What is the greatest common factor of 21978155 and 95?
95
What is the highest common divisor of 1097848 and 58969?
109
Calculate the greatest common factor of 2740 and 45845132.
548
What is the highest common divisor of 1685852 and 308?
28
Calculate the greatest common factor of 20907 and 2106961.
2323
Calculate the greatest common factor of 81957 and 10268730.
4821
Calculate the highest common divisor of 2400 and 613164.
12
Calculate the greatest common factor of 1123536 and 4092.
12
Calculate the highest common divisor of 524 and 437672572.
524
Calculate the highest common divisor of 157753600 and 5120.
1280
What is the greatest common factor of 4047390 and 405?
45
Calculate the highest common factor of 14763840 and 223860.
5460
Calculate the greatest common factor of 2065470 and 8415.
165
What is the greatest common factor of 8715 and 676629695?
2905
What is the highest common factor of 195623578 and 124?
62
Calculate the highest common divisor of 261 and 236976.
3
What is the greatest common divisor of 1215409858 and 78?
26
Calculate the highest common factor of 3473725 and 45715.
205
Calculate the highest common divisor of 40017560 and 39735.
4415
Calculate the greatest common divisor of 10602 and 248672.
38
What is the highest common factor of 352436 and 148?
4
Calculate the greatest common factor of 32 and 20472744.
8
Calculate the highest common factor of 2207100 and 2700.
300
What is the highest common factor of 4302075 and 2033?
19
What is the highest common factor of 53138585 and 725?
145
Calculate the highest common divisor of 1368198 and 3510.
702
Calculate the highest common divisor of 538658 and 37036022.
13138
What is the highest common factor of 196105 and 864955?
455
Calculate the greatest common factor of 97836 and 125977.
263
Calculate the highest common divisor of 4241688 and 396.
132
What is the highest common divisor of 58929 and 32755458?
4533
What is the highest common divisor of 554287 and 893?
19
What is the greatest common factor of 125687760 and 176?
176
Calculate the highest common factor of 96848222 and 32848.
4106
Calculate the greatest common divisor of 42182 and 715576.
46
Calculate the greatest common factor of 12560 and 49031885.
785
What is the greatest common factor of 15470 and 4438?
14
Calculate the greatest common divisor of 36736440 and 113880.
1560
Calculate the greatest common divisor of 154 and 116566527.
77
Calculate the greatest common divisor of 413016460 and 40.
20
Calculate the highest common divisor of 86136 and 32856.
888
Calculate the greatest common divisor of 21448382 and 222.
74
What is the greatest common divisor of 28584 and 260676?
36
What is the greatest common factor of 434 and 4451230?
14
Calculate the highest common factor of 108318099 and 12.
3
Calculate the greatest common factor of 36 and 476559.
9
Calculate the greatest common factor of 296974307 and 28.
7
Calculate the highest common factor of 211894900 and 5600.
700
What is the highest common factor of 2160 and 653835?
15
Calculate the highest common factor of 10326 and 150.
6
What is the highest common divisor of 592398 and 315?
9
What is the greatest common factor of 35336 and 19880?
56
What is the highest common divisor of 234521175 and 1050?
525
Calculate the greatest common divisor of 142884 and 3120444.
324
What is the highest common divisor of 288 and 29011376?
16
What is the highest common factor of 12695843 and 3129?
149
Calculate the greatest common divisor of 185518 and 3344338.
5014
Calculate the highest common divisor of 688845518 and 865.
173
What is the highest common divisor of 399987 and 10584?
441
What is the greatest common divisor of 983101 and 119?
7
Calculate the highest common divisor of 748 and 18226142.
374
What is the greatest common divisor of 891266 and 2?
2
What i